{"id":33,"date":"2021-08-19T20:10:01","date_gmt":"2021-08-19T18:10:01","guid":{"rendered":"https:\/\/wrist.de\/?page_id=33"},"modified":"2023-09-07T09:47:38","modified_gmt":"2023-09-07T07:47:38","slug":"kindertagesstaetten","status":"publish","type":"page","link":"https:\/\/wrist.de\/?page_id=33","title":{"rendered":"Kindertagesst\u00e4tten"},"content":{"rendered":"\n<p>In Wrist gibt es zwei Kindertagesst\u00e4tten mit insgesamt f\u00fcnf Gruppen. In der Ev.-Luth. Kindertagesst\u00e4tte Wiesenkinder im Steenkamp werden 70 Kinder im Alter von 3 bis 6 Jahren in drei Gruppen betreut. In der Kita \u201eDie kleinen Strolche\u201c im Ortsteil Stellau werden 55 Kinder im Alter von 3 bis 6 Jahren in zwei Gruppen betreut. In beiden Einrichtungen gibt es zudem eine Krippengruppe f\u00fcr Kinder unter 3 Jahren mit je 10 Pl\u00e4tzen.<\/p>\n\n\n\n<p>Die Kindertagesst\u00e4tten arbeiten nach dem Situationsansatz und bieten den Kindern ein vielf\u00e4ltiges Bildungs- und Betreuungsangebot. Dazu geh\u00f6ren unter anderem Spiel- und Bewegungsangebote, kreatives Gestalten, Musik und Sprache, sowie gemeinsame Ausfl\u00fcge und Feste.<\/p>\n\n\n\n<h4 class=\"wp-block-heading\">Ev.-Luth. Kindertagesst\u00e4tte Wiesenkinder<\/h4>\n\n\n\n<p>Adresse: Steenkamp 8, 25563 Wrist<br>Telefon: 04822 7360<br>E-Mail: kita-wiesenkinder@kw-rm.de<br>Webseite: <a href=\"https:\/\/www.kitawerk.org\/ev-luth-kindertagesstaette-wiesenkinder\/\" data-type=\"link\" data-id=\"https:\/\/www.kitawerk.org\/ev-luth-kindertagesstaette-wiesenkinder\/\" target=\"_blank\" rel=\"noreferrer noopener\">kitawerk.org<\/a><\/p>\n\n\n\n<h4 class=\"wp-block-heading\">&#8222;Die kleinen Strolche&#8220; e.V.<\/h4>\n\n\n\n<p>Adresse: Stellauer Str. 28, 25563 Wrist<br>Telefon: 04822\/7223<br>E-Mail: info@kitakleinestrolchewrist.de<br>Webseite: <a href=\"https:\/\/www.kitakleinestrolchewrist.de\/\" data-type=\"link\" data-id=\"https:\/\/www.kitakleinestrolchewrist.de\/\" target=\"_blank\" rel=\"noreferrer noopener\">kitakleinestrolchewrist.de<\/a><\/p>\n","protected":false},"excerpt":{"rendered":"<p>In Wrist gibt es zwei Kindertagesst\u00e4tten mit insgesamt f\u00fcnf Gruppen. In der Ev.-Luth. Kindertagesst\u00e4tte Wiesenkinder im Steenkamp werden 70 Kinder im Alter von 3 bis 6 Jahren in drei Gruppen&hellip;<\/p>\n","protected":false},"author":5,"featured_media":0,"parent":0,"menu_order":0,"comment_status":"closed","ping_status":"closed","template":"page-templates\/fullwidth-page.php","meta":{"footnotes":""},"class_list":["post-33","page","type-page","status-publish","hentry","comments-closed","no-comments"],"_links":{"self":[{"href":"https:\/\/wrist.de\/index.php?rest_route=\/wp\/v2\/pages\/33","targetHints":{"allow":["GET"]}}],"collection":[{"href":"https:\/\/wrist.de\/index.php?rest_route=\/wp\/v2\/pages"}],"about":[{"href":"https:\/\/wrist.de\/index.php?rest_route=\/wp\/v2\/types\/page"}],"author":[{"embeddable":true,"href":"https:\/\/wrist.de\/index.php?rest_route=\/wp\/v2\/users\/5"}],"replies":[{"embeddable":true,"href":"https:\/\/wrist.de\/index.php?rest_route=%2Fwp%2Fv2%2Fcomments&post=33"}],"version-history":[{"count":5,"href":"https:\/\/wrist.de\/index.php?rest_route=\/wp\/v2\/pages\/33\/revisions"}],"predecessor-version":[{"id":1174,"href":"https:\/\/wrist.de\/index.php?rest_route=\/wp\/v2\/pages\/33\/revisions\/1174"}],"wp:attachment":[{"href":"https:\/\/wrist.de\/index.php?rest_route=%2Fwp%2Fv2%2Fmedia&parent=33"}],"curies":[{"name":"wp","href":"https:\/\/api.w.org\/{rel}","templated":true}]}}