{"id":39,"date":"2021-08-19T20:12:14","date_gmt":"2021-08-19T18:12:14","guid":{"rendered":"https:\/\/wrist.de\/?page_id=39"},"modified":"2025-02-28T16:37:01","modified_gmt":"2025-02-28T15:37:01","slug":"kirche-stellau-2","status":"publish","type":"page","link":"https:\/\/wrist.de\/?page_id=39","title":{"rendered":"Kirche Stellau"},"content":{"rendered":"<div class=\"wp-block-image\">\n<figure class=\"alignright size-full is-resized\"><img loading=\"lazy\" decoding=\"async\" width=\"676\" height=\"600\" src=\"https:\/\/wrist.de\/wp-content\/uploads\/2025\/02\/image-6.png\" alt=\"Kirche in Stellau\n(Copyright: Miriam J. Hoffmann, Itzehoe)\" class=\"wp-image-1673\" style=\"width:308px;height:auto\" srcset=\"https:\/\/wrist.de\/wp-content\/uploads\/2025\/02\/image-6.png 676w, https:\/\/wrist.de\/wp-content\/uploads\/2025\/02\/image-6-300x266.png 300w\" sizes=\"auto, (max-width: 676px) 100vw, 676px\" \/><\/figure>\n<\/div>\n\n\n<p>Sage um den Stellauer Teufelsstein<\/p>\n\n\n\n<p>Der Teufel, der in den W\u00fcsten und Heiden auf H\u00f6he von M\u00f6nkloh wohnte, wollte den Bau der <\/p>\n\n\n\n<p>Kirche in Stellau verhindern. Da nahm er einen gro\u00dfen Stein, legte ihn in das Strumpfband seiner Gro\u00dfmutter, und schleuderte ihn nach der Kirche. Doch das Strumpfband riss, und der Stein gelangte nicht ganz an sein Ziel. Er fiel einige Schritte vor der Kirche zu Boden.<\/p>\n\n\n\n<p>Auf dem Stein sind die wesentlichen Daten eingemei\u00dfelt: 1189 f\u00fcr die Gr\u00fcndung der Gemeinde, 1201 f\u00fcr die Schlacht bei Stellau und 1230 f\u00fcr die Einweihung der Kirche. Die Kirchengemeinden Hingstheide, Wrist und Wulfsmoor geh\u00f6ren zu der Kirche Stellau.<\/p>\n\n\n\n<p><\/p>\n\n\n\n<h4 class=\"wp-block-heading\">Altes Pastorat zu Stellau<\/h4>\n\n\n\n<p>Adresse: Stellauer Kirchenweg 9, 25563 Wrist<\/p>\n\n\n\n<p><\/p>\n\n\n\n<h4 class=\"wp-block-heading\">Kirche Stellau<\/h4>\n\n\n\n<p>Pastorin:&nbsp;Gritta Koetzold<br>Adresse: Steenkamp 8, 25563 Wrist<br>Telefon: 04822 6562<br>Telefax: 04822 362446<br>E-Mail: kirchengemeinde-stellau@kk-rm.de<br>Webseite: <a href=\"https:\/\/www.kk-rm.de\/der-kirchenkreis\/einrichtungen\/institution\/institution\/ev-luth-kirchengemeinde-stellau\/\">kk-rm.<\/a><a rel=\"noreferrer noopener\" href=\"https:\/\/www.kk-rm.de\/der-kirchenkreis\/einrichtungen\/institution\/institution\/ev-luth-kirchengemeinde-stellau\/\" target=\"_blank\">d<\/a><a href=\"https:\/\/www.kk-rm.de\/der-kirchenkreis\/einrichtungen\/institution\/institution\/ev-luth-kirchengemeinde-stellau\/\">e<\/a><\/p>\n","protected":false},"excerpt":{"rendered":"<p>Sage um den Stellauer Teufelsstein Der Teufel, der in den W\u00fcsten und Heiden auf H\u00f6he von M\u00f6nkloh wohnte, wollte den Bau der Kirche in Stellau verhindern. Da nahm er einen&hellip;<\/p>\n","protected":false},"author":5,"featured_media":0,"parent":0,"menu_order":0,"comment_status":"closed","ping_status":"closed","template":"page-templates\/fullwidth-page.php","meta":{"footnotes":""},"class_list":["post-39","page","type-page","status-publish","hentry","comments-closed","no-comments"],"_links":{"self":[{"href":"https:\/\/wrist.de\/index.php?rest_route=\/wp\/v2\/pages\/39","targetHints":{"allow":["GET"]}}],"collection":[{"href":"https:\/\/wrist.de\/index.php?rest_route=\/wp\/v2\/pages"}],"about":[{"href":"https:\/\/wrist.de\/index.php?rest_route=\/wp\/v2\/types\/page"}],"author":[{"embeddable":true,"href":"https:\/\/wrist.de\/index.php?rest_route=\/wp\/v2\/users\/5"}],"replies":[{"embeddable":true,"href":"https:\/\/wrist.de\/index.php?rest_route=%2Fwp%2Fv2%2Fcomments&post=39"}],"version-history":[{"count":10,"href":"https:\/\/wrist.de\/index.php?rest_route=\/wp\/v2\/pages\/39\/revisions"}],"predecessor-version":[{"id":1680,"href":"https:\/\/wrist.de\/index.php?rest_route=\/wp\/v2\/pages\/39\/revisions\/1680"}],"wp:attachment":[{"href":"https:\/\/wrist.de\/index.php?rest_route=%2Fwp%2Fv2%2Fmedia&parent=39"}],"curies":[{"name":"wp","href":"https:\/\/api.w.org\/{rel}","templated":true}]}}