{"id":546,"date":"2021-09-18T21:42:41","date_gmt":"2021-09-18T19:42:41","guid":{"rendered":"https:\/\/wrist.de\/?page_id=546"},"modified":"2023-09-07T09:36:21","modified_gmt":"2023-09-07T07:36:21","slug":"satzungen","status":"publish","type":"page","link":"https:\/\/wrist.de\/?page_id=546","title":{"rendered":"Satzungen"},"content":{"rendered":"\n<p>Die Gemeinde Wrist hat eine Reihe von Satzungen erlassen, die die inner\u00f6rtlichen Verh\u00e4ltnisse regeln. Diese Satzungen sind \u00f6ffentlich einsehbar und k\u00f6nnen hier oder im Amt Kellinghusen eingesehen werden. Die Satzungen der Gemeinde sind wichtige Rechtsgrundlagen f\u00fcr die B\u00fcrgerinnen und B\u00fcrger der Gemeinde. Sie enthalten Informationen dar\u00fcber, welche Rechte und Pflichten die B\u00fcrgerinnen und B\u00fcrger haben. Verst\u00f6\u00dfe gegen eine Satzung k\u00f6nnen mit einem Bu\u00dfgeld geahndet werden. Die H\u00f6he des Bu\u00dfgeldes richtet sich nach der Schwere des Versto\u00dfes.<\/p>\n\n\n\n<ul class=\"wp-block-list\">\n<li><a href=\"https:\/\/wrist.de\/wp-content\/uploads\/2021\/08\/Abbrennverbot_von_Feuerwerkskoerpern.pdf\" target=\"_blank\" rel=\"noreferrer noopener\">Abbrennverbot von Feuerwerksk\u00f6rpern<\/a><\/li>\n\n\n\n<li><a href=\"https:\/\/wrist.de\/wp-content\/uploads\/2022\/09\/Beitrags-_und_Gebuehrensatzung_Abwasserbeseitigung__7.Nachtrag_.pdf\" target=\"_blank\" rel=\"noreferrer noopener\">Abwasserabgabensatzung<\/a><\/li>\n\n\n\n<li><a href=\"https:\/\/wrist.de\/wp-content\/uploads\/2022\/09\/Abwasser.pdf\" target=\"_blank\" rel=\"noreferrer noopener\">Abwassersatzung<\/a><\/li>\n\n\n\n<li><a href=\"https:\/\/wrist.de\/wp-content\/uploads\/2021\/08\/Erschliessungsbeitragssatzung.pdf\" target=\"_blank\" rel=\"noreferrer noopener\">Erschlie\u00dfungsbeitragssatzung<\/a><\/li>\n\n\n\n<li><a href=\"https:\/\/wrist.de\/wp-content\/uploads\/2021\/08\/Feuerwehrgebuehrensatzung.pdf\" target=\"_blank\" rel=\"noreferrer noopener\">Feuerwehrgeb\u00fchrensatzung<\/a><\/li>\n\n\n\n<li><a href=\"https:\/\/wrist.de\/wp-content\/uploads\/2022\/09\/Geschaeftsordnung.pdf\" target=\"_blank\" rel=\"noreferrer noopener\">Gesch\u00e4ftsordnung<\/a><\/li>\n\n\n\n<li><a href=\"https:\/\/wrist.de\/wp-content\/uploads\/2022\/09\/Hauptsatzung_Wrist__inkl._N1_bis_N6_.pdf\" target=\"_blank\" rel=\"noreferrer noopener\">Hauptsatzung<\/a><\/li>\n\n\n\n<li><a href=\"https:\/\/wrist.de\/wp-content\/uploads\/2021\/08\/Hausnummernsatzung.pdf\" target=\"_blank\" rel=\"noreferrer noopener\">Hausnummernsatzung<\/a><\/li>\n\n\n\n<li><a href=\"https:\/\/wrist.de\/wp-content\/uploads\/2022\/09\/Hundesteuersatzung_ab_01.01.2021.pdf\" target=\"_blank\" rel=\"noreferrer noopener\">Hundesteuersatzung<\/a><\/li>\n\n\n\n<li><a href=\"https:\/\/wrist.de\/wp-content\/uploads\/2021\/08\/Satzung_Kleineinleiter.pdf\" target=\"_blank\" rel=\"noreferrer noopener\">Satzung Kleineinleiter<\/a><\/li>\n\n\n\n<li><a href=\"https:\/\/wrist.de\/wp-content\/uploads\/2022\/09\/Spiel.pdf\" target=\"_blank\" rel=\"noreferrer noopener\">Spielger\u00e4testeuersatzung<\/a><\/li>\n\n\n\n<li><a href=\"https:\/\/wrist.de\/wp-content\/uploads\/2022\/09\/Strassen.pdf\" target=\"_blank\" rel=\"noreferrer noopener\">Stra\u00dfenreinigungssatzung<\/a><\/li>\n<\/ul>\n","protected":false},"excerpt":{"rendered":"<p>Die Gemeinde Wrist hat eine Reihe von Satzungen erlassen, die die inner\u00f6rtlichen Verh\u00e4ltnisse regeln. Diese Satzungen sind \u00f6ffentlich einsehbar und k\u00f6nnen hier oder im Amt Kellinghusen eingesehen werden. Die Satzungen&hellip;<\/p>\n","protected":false},"author":5,"featured_media":0,"parent":0,"menu_order":0,"comment_status":"closed","ping_status":"closed","template":"page-templates\/fullwidth-page.php","meta":{"footnotes":""},"class_list":["post-546","page","type-page","status-publish","hentry","comments-closed","no-comments"],"_links":{"self":[{"href":"https:\/\/wrist.de\/index.php?rest_route=\/wp\/v2\/pages\/546","targetHints":{"allow":["GET"]}}],"collection":[{"href":"https:\/\/wrist.de\/index.php?rest_route=\/wp\/v2\/pages"}],"about":[{"href":"https:\/\/wrist.de\/index.php?rest_route=\/wp\/v2\/types\/page"}],"author":[{"embeddable":true,"href":"https:\/\/wrist.de\/index.php?rest_route=\/wp\/v2\/users\/5"}],"replies":[{"embeddable":true,"href":"https:\/\/wrist.de\/index.php?rest_route=%2Fwp%2Fv2%2Fcomments&post=546"}],"version-history":[{"count":10,"href":"https:\/\/wrist.de\/index.php?rest_route=\/wp\/v2\/pages\/546\/revisions"}],"predecessor-version":[{"id":1169,"href":"https:\/\/wrist.de\/index.php?rest_route=\/wp\/v2\/pages\/546\/revisions\/1169"}],"wp:attachment":[{"href":"https:\/\/wrist.de\/index.php?rest_route=%2Fwp%2Fv2%2Fmedia&parent=546"}],"curies":[{"name":"wp","href":"https:\/\/api.w.org\/{rel}","templated":true}]}}