{"id":1709,"date":"2025-03-17T09:13:51","date_gmt":"2025-03-17T08:13:51","guid":{"rendered":"https:\/\/wrist.de\/?post_type=tribe_events&#038;p=1709"},"modified":"2025-03-17T09:14:31","modified_gmt":"2025-03-17T08:14:31","slug":"workshop-zur-nutzungsgestaltung-des-buergerhauses","status":"publish","type":"tribe_events","link":"https:\/\/wrist.de\/?tribe_events=workshop-zur-nutzungsgestaltung-des-buergerhauses","title":{"rendered":"Workshop zur Nutzungsgestaltung des B\u00fcrgerhauses"},"content":{"rendered":"<p data-start=\"144\" data-end=\"339\">Wie bereits in der Gemeindevertretersitzung am 10.03.2024 mitgeteilt, l\u00e4dt die Gemeinde Wrist interessierte B\u00fcrgerinnen und B\u00fcrger zu einem Workshop zur Nutzungsgestaltung des B\u00fcrgerhauses ein.<\/p>\n<p data-start=\"341\" data-end=\"428\">\ud83d\udcc5 <strong data-start=\"344\" data-end=\"354\">Datum:<\/strong> 25.03.2024<br data-start=\"365\" data-end=\"368\" \/>\u23f0 <strong data-start=\"370\" data-end=\"382\">Uhrzeit:<\/strong> 19:00 Uhr<br data-start=\"392\" data-end=\"395\" \/>\ud83d\udccd <strong data-start=\"398\" data-end=\"406\">Ort:<\/strong> Feuerwehrger\u00e4tehaus<\/p>\n<p data-start=\"430\" data-end=\"453\">Themen des Workshops:<\/p>\n<ul data-start=\"454\" data-end=\"645\">\n<li data-start=\"454\" data-end=\"496\">Nutzungskonzepte f\u00fcr die Gemeinder\u00e4ume<\/li>\n<li data-start=\"497\" data-end=\"544\">Organisation und Vergabe der R\u00e4umlichkeiten<\/li>\n<li data-start=\"545\" data-end=\"602\">Ideensammlung zur weiteren Nutzung des Gemeindehauses<\/li>\n<li data-start=\"603\" data-end=\"645\">Planung der Einweihungsfeierlichkeiten<\/li>\n<\/ul>\n<p data-start=\"647\" data-end=\"758\">Interessierte B\u00fcrgerinnen und B\u00fcrger werden gebeten, sich vorab per E-Mail unter <a href=\"mailto:jan.utterodt@wgw-wrist.de\"><strong data-start=\"728\" data-end=\"744\">jan.utterodt@wgw-wrist.de <\/strong><\/a>anzumelden.<\/p>\n<p data-start=\"760\" data-end=\"835\">Die Gemeinde freut sich auf eine rege Teilnahme und viele kreative Ideen!<\/p>\n","protected":false},"excerpt":{"rendered":"<p>Wie bereits in der Gemeindevertretersitzung am 10.03.2024 mitgeteilt, l\u00e4dt die Gemeinde Wrist interessierte B\u00fcrgerinnen und B\u00fcrger zu einem Workshop zur Nutzungsgestaltung des B\u00fcrgerhauses ein. \ud83d\udcc5 Datum: 25.03.2024\u23f0 Uhrzeit: 19:00 Uhr\ud83d\udccd&hellip;<\/p>\n","protected":false},"author":6,"featured_media":1710,"template":"","meta":{"_tribe_events_status":"","_tribe_events_status_reason":"","footnotes":""},"tags":[],"tribe_events_cat":[],"class_list":["post-1709","tribe_events","type-tribe_events","status-publish","has-post-thumbnail","hentry","comments-closed","no-comments"],"_links":{"self":[{"href":"https:\/\/wrist.de\/index.php?rest_route=\/wp\/v2\/tribe_events\/1709","targetHints":{"allow":["GET"]}}],"collection":[{"href":"https:\/\/wrist.de\/index.php?rest_route=\/wp\/v2\/tribe_events"}],"about":[{"href":"https:\/\/wrist.de\/index.php?rest_route=\/wp\/v2\/types\/tribe_events"}],"author":[{"embeddable":true,"href":"https:\/\/wrist.de\/index.php?rest_route=\/wp\/v2\/users\/6"}],"version-history":[{"count":2,"href":"https:\/\/wrist.de\/index.php?rest_route=\/wp\/v2\/tribe_events\/1709\/revisions"}],"predecessor-version":[{"id":1712,"href":"https:\/\/wrist.de\/index.php?rest_route=\/wp\/v2\/tribe_events\/1709\/revisions\/1712"}],"wp:featuredmedia":[{"embeddable":true,"href":"https:\/\/wrist.de\/index.php?rest_route=\/wp\/v2\/media\/1710"}],"wp:attachment":[{"href":"https:\/\/wrist.de\/index.php?rest_route=%2Fwp%2Fv2%2Fmedia&parent=1709"}],"wp:term":[{"taxonomy":"post_tag","embeddable":true,"href":"https:\/\/wrist.de\/index.php?rest_route=%2Fwp%2Fv2%2Ftags&post=1709"},{"taxonomy":"tribe_events_cat","embeddable":true,"href":"https:\/\/wrist.de\/index.php?rest_route=%2Fwp%2Fv2%2Ftribe_events_cat&post=1709"}],"curies":[{"name":"wp","href":"https:\/\/api.w.org\/{rel}","templated":true}]}}

Workshop zur Nutzungsgestaltung des Bürgerhauses

<p data-start="144" data-end="339">Wie bereits in der Gemeindevertretersitzung am 10.03.2024 mitgeteilt, lädt die Gemeinde Wrist interessierte Bürgerinnen und Bürger zu einem Workshop zur Nutzungsgestaltung des Bürgerhauses ein.</p>
<p data-start="341" data-end="428">📅 <strong data-start="344" data-end="354">Datum:</strong> 25.03.2024<br data-start="365" data-end="368" />⏰ <strong data-start="370" data-end="382">Uhrzeit:</strong> 19:00 Uhr<br data-start="392" data-end="395" />📍 <strong data-start="398" data-end="406">Ort:</strong> Feuerwehrgerätehaus</p>
<p data-start="430" data-end="453">Themen des Workshops:</p>
<ul data-start="454" data-end="645">
<li data-start="454" data-end="496">Nutzungskonzepte für die Gemeinderäume</li>
<li data-start="497" data-end="544">Organisation und Vergabe der Räumlichkeiten</li>
<li data-start="545" data-end="602">Ideensammlung zur weiteren Nutzung des Gemeindehauses</li>
<li data-start="603" data-end="645">Planung der Einweihungsfeierlichkeiten</li>
</ul>
<p data-start="647" data-end="758">Interessierte Bürgerinnen und Bürger werden gebeten, sich vorab per E-Mail unter <a href="mailto:jan.utterodt@wgw-wrist.de"><strong data-start="728" data-end="744">jan.utterodt@wgw-wrist.de </strong></a>anzumelden.</p>
<p data-start="760" data-end="835">Die Gemeinde freut sich auf eine rege Teilnahme und viele kreative Ideen!</p>

<p>Wie bereits in der Gemeindevertretersitzung am 10.03.2024 mitgeteilt, lädt die Gemeinde Wrist interessierte Bürgerinnen und Bürger zu einem Workshop zur Nutzungsgestaltung des Bürgerhauses ein. 📅 Datum: 25.03.2024⏰ Uhrzeit: 19:00 Uhr📍&hellip;</p>
