{"id":1954,"date":"2025-09-02T23:12:33","date_gmt":"2025-09-02T21:12:33","guid":{"rendered":"https:\/\/wrist.de\/?post_type=tribe_events&#038;p=1954"},"modified":"2025-09-02T23:12:33","modified_gmt":"2025-09-02T21:12:33","slug":"2-weihnachtsbasar-des-foerdervereins-kirchhof-zu-stellau","status":"publish","type":"tribe_events","link":"https:\/\/wrist.de\/?tribe_events=2-weihnachtsbasar-des-foerdervereins-kirchhof-zu-stellau","title":{"rendered":"2. Weihnachtsbasar des F\u00f6rdervereins Kirchhof zu Stellau"},"content":{"rendered":"<p data-start=\"332\" data-end=\"608\">Der F\u00f6rderverein <em data-start=\"349\" data-end=\"370\">Kirchhof zu Stellau<\/em> l\u00e4dt herzlich zum <strong data-start=\"389\" data-end=\"429\">2. Weihnachtsbasar im Alten Pastorat<\/strong> ein. In stimmungsvoller Atmosph\u00e4re erwarten Sie liebevoll gestaltete St\u00e4nde, festliche Musik und ein buntes Rahmenprogramm, das von unseren Weihnachtswichteln vorbereitet wird.<\/p>\n<p data-start=\"610\" data-end=\"742\">F\u00fcr das leibliche Wohl ist selbstverst\u00e4ndlich gesorgt: Freuen Sie sich auf herzhafte und s\u00fc\u00dfe K\u00f6stlichkeiten sowie warme Getr\u00e4nke.<\/p>\n<p data-start=\"744\" data-end=\"842\">Ein Nachmittag zum St\u00f6bern, Genie\u00dfen und Einstimmen auf die Adventszeit \u2013 f\u00fcr die ganze Familie.<\/p>\n<p data-start=\"744\" data-end=\"842\">\n","protected":false},"excerpt":{"rendered":"<p>Der F\u00f6rderverein Kirchhof zu Stellau l\u00e4dt herzlich zum 2. Weihnachtsbasar im Alten Pastorat ein. In stimmungsvoller Atmosph\u00e4re erwarten Sie liebevoll gestaltete St\u00e4nde, festliche Musik und ein buntes Rahmenprogramm, das von&hellip;<\/p>\n","protected":false},"author":6,"featured_media":1955,"template":"","meta":{"_tribe_events_status":"","_tribe_events_status_reason":"","footnotes":""},"tags":[],"tribe_events_cat":[],"class_list":["post-1954","tribe_events","type-tribe_events","status-publish","has-post-thumbnail","hentry","comments-closed","no-comments"],"_links":{"self":[{"href":"https:\/\/wrist.de\/index.php?rest_route=\/wp\/v2\/tribe_events\/1954","targetHints":{"allow":["GET"]}}],"collection":[{"href":"https:\/\/wrist.de\/index.php?rest_route=\/wp\/v2\/tribe_events"}],"about":[{"href":"https:\/\/wrist.de\/index.php?rest_route=\/wp\/v2\/types\/tribe_events"}],"author":[{"embeddable":true,"href":"https:\/\/wrist.de\/index.php?rest_route=\/wp\/v2\/users\/6"}],"version-history":[{"count":1,"href":"https:\/\/wrist.de\/index.php?rest_route=\/wp\/v2\/tribe_events\/1954\/revisions"}],"predecessor-version":[{"id":1958,"href":"https:\/\/wrist.de\/index.php?rest_route=\/wp\/v2\/tribe_events\/1954\/revisions\/1958"}],"wp:featuredmedia":[{"embeddable":true,"href":"https:\/\/wrist.de\/index.php?rest_route=\/wp\/v2\/media\/1955"}],"wp:attachment":[{"href":"https:\/\/wrist.de\/index.php?rest_route=%2Fwp%2Fv2%2Fmedia&parent=1954"}],"wp:term":[{"taxonomy":"post_tag","embeddable":true,"href":"https:\/\/wrist.de\/index.php?rest_route=%2Fwp%2Fv2%2Ftags&post=1954"},{"taxonomy":"tribe_events_cat","embeddable":true,"href":"https:\/\/wrist.de\/index.php?rest_route=%2Fwp%2Fv2%2Ftribe_events_cat&post=1954"}],"curies":[{"name":"wp","href":"https:\/\/api.w.org\/{rel}","templated":true}]}}

2. Weihnachtsbasar des Fördervereins Kirchhof zu Stellau

<p data-start="332" data-end="608">Der Förderverein <em data-start="349" data-end="370">Kirchhof zu Stellau</em> lädt herzlich zum <strong data-start="389" data-end="429">2. Weihnachtsbasar im Alten Pastorat</strong> ein. In stimmungsvoller Atmosphäre erwarten Sie liebevoll gestaltete Stände, festliche Musik und ein buntes Rahmenprogramm, das von unseren Weihnachtswichteln vorbereitet wird.</p>
<p data-start="610" data-end="742">Für das leibliche Wohl ist selbstverständlich gesorgt: Freuen Sie sich auf herzhafte und süße Köstlichkeiten sowie warme Getränke.</p>
<p data-start="744" data-end="842">Ein Nachmittag zum Stöbern, Genießen und Einstimmen auf die Adventszeit – für die ganze Familie.</p>
<p data-start="744" data-end="842">

<p>Der Förderverein Kirchhof zu Stellau lädt herzlich zum 2. Weihnachtsbasar im Alten Pastorat ein. In stimmungsvoller Atmosphäre erwarten Sie liebevoll gestaltete Stände, festliche Musik und ein buntes Rahmenprogramm, das von&hellip;</p>
