{"id":1976,"date":"2025-09-05T12:00:39","date_gmt":"2025-09-05T10:00:39","guid":{"rendered":"https:\/\/wrist.de\/?post_type=tribe_events&#038;p=1976"},"modified":"2025-09-05T12:00:39","modified_gmt":"2025-09-05T10:00:39","slug":"oeffentliche-sitzung-des-bau-und-gewerbeausschusses-am-15-09-2025","status":"publish","type":"tribe_events","link":"https:\/\/wrist.de\/?tribe_events=oeffentliche-sitzung-des-bau-und-gewerbeausschusses-am-15-09-2025","title":{"rendered":"\u00d6ffentliche Sitzung des Bau- und Gewerbeausschusses am 15.09.2025"},"content":{"rendered":"\r\n\r\n<strong>Gremium: Wrist Bau- und Gewerbeausschuss\r\nDatum: 15.09.2025\r\nOrt, Raum: Wrist &#8211; Gemeinder\u00e4ume im \u00c4rzte- und B\u00fcrgerhaus, Am Sportplatz 3b, 25563 Wrist\r\nBeginn: 19:30\r\nVorsitzende(r): Torsten Reimer\r\nSchriftf\u00fclirer(in): Eldar Saric<\/strong>\r\n\r\n \r\n\r\nVor der Ausschusssitzung findet um 18 Uhr die fr\u00fchzeitige Beteiligung der \u00d6ffentlichkeit f\u00fcr die Bauleitplanverfahren zum Projekt \u201eSolarpark Bokeler Stra\u00dfe&#8220; statt. Hier werden der derzeitige Sachstand und die Planungsinhalte zur die Aufstellung der 2. \u00c4nderung des Fl\u00e4chennutzungsplanes &#8222;Solarpark Bokeler Stra\u00dfe&#8220; sowie zur Aufstellung des Bebauungsplans Nr. 14 &#8222;Solarpark Bokeler Stra\u00dfe&#8220; vorgestellt und Raum f\u00fcr Fragen und Anregungen gegeben. Alle Interessierten sind somit herzlich eingeladen, sich zu informieren und sich inhaltlich zu beteiligen.\r\n\r\n \r\n\r\nTagesordnung:\r\n\r\n \r\n<ol class=\"wp-block-list\">\r\n \t<li>Er\u00f6ffnung der Sitzung, Feststellung der Ordnungsm\u00e4\u00dfigkeit der Einladung, der Anwesenheit und der Beschlussf\u00e4higkeit<\/li>\r\n \r\n \t<li>Antr\u00e4ge zur Tagesordnung<\/li>\r\n \r\n \t<li>Beschlussfassung \u00fcber evtl. Einwendungen gegen die Niederschrift der letzten Sitzung<\/li>\r\n \r\n \t<li>Mitteilungen des Vorsitzenden<\/li>\r\n \r\n \t<li>Sachstandsberichte \/ Auftragsmonitoring<\/li>\r\n \r\n \t<li>Grundsatzdiskussion \u00fcber einen M\u00e4hrobotter am Sportplatz Wittenkampsweg<\/li>\r\n \r\n \t<li>Priorit\u00e4ten listen Kl\u00e4rwerk<\/li>\r\n \r\n \t<li>Solarpark Bokeler Stra\u00dfe<\/li>\r\n \r\n \t<li>Verschiedenes<\/li>\r\n \r\n \t<li>Einwohnerfragestunde<\/li>\r\n<\/ol>\r\n \r\n\r\n<strong>Es kann beschlossen werden, dass einzelne Punkte der Tagesordnung in\r\nnicht\u00f6ffentlicher Sitzung behandelt werden. In dieser Sitzung werden voraussichtlich\r\nfolgende Tagesordnungspunkte nicht\u00f6ffentlich beraten:<\/strong>\r\n\r\n \r\n<ol class=\"wp-block-list\" start=\"11\">\r\n \t<li>Vorplanung zum m\u00f6glichen Bebauungsplan mittelbar s\u00fcdlich der Stra\u00dfe &#8222;Eken&#8220;, n\u00f6rdlich des Logenwegs und \u00f6stlich der Bebauung &#8222;Bokeler Stra\u00dfe 7-13 d&#8220;; hier: Beratung und Beschlussfassung zu Grundst\u00fccksangelegenheiten und Kosten\r\nVorlage: Wrist\/034\/2025<\/li>\r\n \r\n \t<li>Gemeinsames Gewerbegebiet Wrist\/Kellinghusen<\/li>\r\n<\/ol>\r\n","protected":false},"excerpt":{"rendered":"<p>Gremium: Wrist Bau- und Gewerbeausschuss Datum: 15.09.2025 Ort, Raum: Wrist &#8211; Gemeinder\u00e4ume im \u00c4rzte- und B\u00fcrgerhaus, Am Sportplatz 3b, 25563 Wrist Beginn: 19:30 Vorsitzende(r): Torsten Reimer Schriftf\u00fclirer(in): Eldar Saric Vor&hellip;<\/p>\n","protected":false},"author":6,"featured_media":1649,"template":"","meta":{"_tribe_events_status":"","_tribe_events_status_reason":"","footnotes":""},"tags":[],"tribe_events_cat":[],"class_list":["post-1976","tribe_events","type-tribe_events","status-publish","has-post-thumbnail","hentry","comments-closed","no-comments"],"_links":{"self":[{"href":"https:\/\/wrist.de\/index.php?rest_route=\/wp\/v2\/tribe_events\/1976","targetHints":{"allow":["GET"]}}],"collection":[{"href":"https:\/\/wrist.de\/index.php?rest_route=\/wp\/v2\/tribe_events"}],"about":[{"href":"https:\/\/wrist.de\/index.php?rest_route=\/wp\/v2\/types\/tribe_events"}],"author":[{"embeddable":true,"href":"https:\/\/wrist.de\/index.php?rest_route=\/wp\/v2\/users\/6"}],"version-history":[{"count":1,"href":"https:\/\/wrist.de\/index.php?rest_route=\/wp\/v2\/tribe_events\/1976\/revisions"}],"predecessor-version":[{"id":1977,"href":"https:\/\/wrist.de\/index.php?rest_route=\/wp\/v2\/tribe_events\/1976\/revisions\/1977"}],"wp:featuredmedia":[{"embeddable":true,"href":"https:\/\/wrist.de\/index.php?rest_route=\/wp\/v2\/media\/1649"}],"wp:attachment":[{"href":"https:\/\/wrist.de\/index.php?rest_route=%2Fwp%2Fv2%2Fmedia&parent=1976"}],"wp:term":[{"taxonomy":"post_tag","embeddable":true,"href":"https:\/\/wrist.de\/index.php?rest_route=%2Fwp%2Fv2%2Ftags&post=1976"},{"taxonomy":"tribe_events_cat","embeddable":true,"href":"https:\/\/wrist.de\/index.php?rest_route=%2Fwp%2Fv2%2Ftribe_events_cat&post=1976"}],"curies":[{"name":"wp","href":"https:\/\/api.w.org\/{rel}","templated":true}]}}

Öffentliche Sitzung des Bau- und Gewerbeausschusses am 15.09.2025

<strong>Gremium: Wrist Bau- und Gewerbeausschuss
Datum: 15.09.2025
Ort, Raum: Wrist &#8211; Gemeinderäume im Ärzte- und Bürgerhaus, Am Sportplatz 3b, 25563 Wrist
Beginn: 19:30
Vorsitzende(r): Torsten Reimer
Schriftfülirer(in): Eldar Saric</strong>

 

Vor der Ausschusssitzung findet um 18 Uhr die frühzeitige Beteiligung der Öffentlichkeit für die Bauleitplanverfahren zum Projekt „Solarpark Bokeler Straße&#8220; statt. Hier werden der derzeitige Sachstand und die Planungsinhalte zur die Aufstellung der 2. Änderung des Flächennutzungsplanes &#8222;Solarpark Bokeler Straße&#8220; sowie zur Aufstellung des Bebauungsplans Nr. 14 &#8222;Solarpark Bokeler Straße&#8220; vorgestellt und Raum für Fragen und Anregungen gegeben. Alle Interessierten sind somit herzlich eingeladen, sich zu informieren und sich inhaltlich zu beteiligen.

 

Tagesordnung:

 
<ol class="wp-block-list">
 	<li>Eröffnung der Sitzung, Feststellung der Ordnungsmäßigkeit der Einladung, der Anwesenheit und der Beschlussfähigkeit</li>
 
 	<li>Anträge zur Tagesordnung</li>
 
 	<li>Beschlussfassung über evtl. Einwendungen gegen die Niederschrift der letzten Sitzung</li>
 
 	<li>Mitteilungen des Vorsitzenden</li>
 
 	<li>Sachstandsberichte / Auftragsmonitoring</li>
 
 	<li>Grundsatzdiskussion über einen Mährobotter am Sportplatz Wittenkampsweg</li>
 
 	<li>Prioritäten listen Klärwerk</li>
 
 	<li>Solarpark Bokeler Straße</li>
 
 	<li>Verschiedenes</li>
 
 	<li>Einwohnerfragestunde</li>
</ol>
 

<strong>Es kann beschlossen werden, dass einzelne Punkte der Tagesordnung in
nichtöffentlicher Sitzung behandelt werden. In dieser Sitzung werden voraussichtlich
folgende Tagesordnungspunkte nichtöffentlich beraten:</strong>

 
<ol class="wp-block-list" start="11">
 	<li>Vorplanung zum möglichen Bebauungsplan mittelbar südlich der Straße &#8222;Eken&#8220;, nördlich des Logenwegs und östlich der Bebauung &#8222;Bokeler Straße 7-13 d&#8220;; hier: Beratung und Beschlussfassung zu Grundstücksangelegenheiten und Kosten
Vorlage: Wrist/034/2025</li>
 
 	<li>Gemeinsames Gewerbegebiet Wrist/Kellinghusen</li>
</ol>

<p>Gremium: Wrist Bau- und Gewerbeausschuss Datum: 15.09.2025 Ort, Raum: Wrist &#8211; Gemeinderäume im Ärzte- und Bürgerhaus, Am Sportplatz 3b, 25563 Wrist Beginn: 19:30 Vorsitzende(r): Torsten Reimer Schriftfülirer(in): Eldar Saric Vor&hellip;</p>
