{"id":1982,"date":"2025-09-22T14:55:58","date_gmt":"2025-09-22T12:55:58","guid":{"rendered":"https:\/\/wrist.de\/?post_type=tribe_events&#038;p=1982"},"modified":"2025-09-22T14:55:58","modified_gmt":"2025-09-22T12:55:58","slug":"einladung-zur-oeffentlichen-sitzung-der-gemeindevertretung-wrist","status":"publish","type":"tribe_events","link":"https:\/\/wrist.de\/?tribe_events=einladung-zur-oeffentlichen-sitzung-der-gemeindevertretung-wrist","title":{"rendered":"Einladung zur \u00f6ffentlichen Sitzung der Gemeindevertretung Wrist"},"content":{"rendered":"\r\n\r\nDie Gemeindevertretung Wrist l\u00e4dt alle interessierten B\u00fcrgerinnen und B\u00fcrger herzlich zur n\u00e4chsten <strong>\u00f6ffentlichen Sitzung<\/strong> ein.\r\n\r\n \r\n\r\n<strong>Termin:<\/strong> Mittwoch, 01. Oktober 2025, 19:30 Uhr\r\n<strong>Ort:<\/strong> Gemeinder\u00e4ume im \u00c4rzte- und B\u00fcrgerhaus, Am Sportplatz 3b, 25563 Wrist\r\n<strong>Leitung:<\/strong> B\u00fcrgermeister Manfred Bube\r\n<strong>Protokoll:<\/strong> Michaela Kinzel\r\n\r\n \r\n<h3 class=\"wp-block-heading\">Tagesordnung<\/h3>\r\n \r\n<ol class=\"wp-block-list\">\r\n \t<li>Er\u00f6ffnung der Sitzung, Feststellung der Ordnungsm\u00e4\u00dfigkeit der Einladung, der\r\nAnwesenheit und der Beschlussf\u00e4higkeit<\/li>\r\n \r\n \t<li>Antr\u00e4ge zur Tagesordnung<\/li>\r\n \r\n \t<li>Beschlussfassung \u00fcber evtl. Einwendungen gegen die Niederschrift der letzten\r\nSitzung<\/li>\r\n \r\n \t<li>Verpflichtung und Amtseinf\u00fchrung von der nachger\u00fcckten Gemeindevertreterin,\r\nFrau Martina Nagel, durch den Vorsitzenden.<\/li>\r\n \r\n \t<li>Bekanntgabe der in nicht-\u00f6ffentlicher Beratung am 03.06.2025 gefassten\r\nBeschl\u00fcsse<\/li>\r\n \r\n \t<li>Mitteilungen des B\u00fcrgermeisters<\/li>\r\n \r\n \t<li>Nachwahl von Mitgliedern und stellvertretenden Mitglieder f\u00fcr die in der\r\nHauptsatzung bestimmten st\u00e4ndigen Aussch\u00fcsse (\u00a7\u00a7 45, 46 GO)\r\nVorlage: Wrist\/025\/2025<\/li>\r\n \r\n \t<li>Nachwahl eines stellvertretenden Mitgliedes f\u00fcr den Kita-Beirat der Kita &#8222;Die\r\nkleinen Strolche e. V.&#8220; in Wrist\r\nVorlage: Wrist\/032\/2025<\/li>\r\n \r\n \t<li>Nachwahl eines stellvertretenden Mitgliedes f\u00fcr den Kita-Ausschuss der Kita\r\n&#8222;Die kleinen Strolche e. V.&#8220; in Wrist\r\nVorlage: Wrist\/029\/2025<\/li>\r\n \r\n \t<li>Nachwahl eines stellvertretenden Mitgliedes f\u00fcr den Kita-Beirat der Kita\r\n&#8222;Wiesenkinder&#8220; in Wrist\r\nVorlage: Wrist\/031\/2025<\/li>\r\n \r\n \t<li>Nachwahl eines stellvertretenden Mitgliedes f\u00fcr den Kita-Ausschuss der Kita\r\n&#8222;Wiesenkinder&#8220; in Wrist\r\nVorlage: Wrist\/030\/2025<\/li>\r\n \r\n \t<li>F\u00f6rderung Mehrgenerationenplatz; hier: Beschluss \u00fcber die Bereitstellung der\r\nMittel\r\nVorlage: Wrist\/033\/2025<\/li>\r\n \r\n \t<li>Entsch\u00e4digung und Aufwandsentsch\u00e4digung f\u00fcr amtliche T\u00e4tigkeiten im\r\nRahmen der Gemeindevertretung Wrist<\/li>\r\n \r\n \t<li>Jahresabschluss f\u00fcr das Haushaltsjahr 2023\r\nVorlage: Wrist\/026\/2025<\/li>\r\n \r\n \t<li>Haushalt f\u00fcr das Haushaltsjahr 2025\r\nVorlage: Wrist\/004\/2025<\/li>\r\n \r\n \t<li>Verschiedenes<\/li>\r\n \r\n \t<li>Einwohnerfragestunde<\/li>\r\n<\/ol>\r\n \r\n\r\nEs kann beschlossen werden, dass einzelne Punkte der Tagesordnung in\r\nnicht\u00f6ffentlicher Sitzung behandelt werden. In dieser Sitzung werden voraussichtlich\r\nfolgende Tagesordnungspunkte nicht\u00f6ffentlich beraten:\r\n\r\n \r\n<ol class=\"wp-block-list\" start=\"18\">\r\n \t<li>Vorplanung zum m\u00f6glichen Bebauungsplan mittelbar s\u00fcdlich der Stra\u00dfe &#8222;Eken&#8220;,\r\nn\u00f6rdlich des Logenwegs und \u00f6stlich der Bebauung &#8222;Bokeler Stra\u00dfe 7-13 d&#8220;;\r\nhier: Beratung und Beschlussfassung zu Grundst\u00fccksangelegenheiten und\r\nKosten\r\nVorlage: Wrist\/034\/2025<\/li>\r\n \r\n \t<li>Mieterh\u00f6hungen f\u00fcr gemeindeeigene Liegenschaften\r\nVorlage: Wrist\/028\/2025<\/li>\r\n \r\n \t<li>Pachtangelegenheiten; hier: TV Gut Heil Wrist e.V.\r\nVorlage: Wrist\/027\/2025<\/li>\r\n<\/ol>\r\n","protected":false},"excerpt":{"rendered":"<p>Die Gemeindevertretung Wrist l\u00e4dt alle interessierten B\u00fcrgerinnen und B\u00fcrger herzlich zur n\u00e4chsten \u00f6ffentlichen Sitzung ein. Termin: Mittwoch, 01. Oktober 2025, 19:30 Uhr Ort: Gemeinder\u00e4ume im \u00c4rzte- und B\u00fcrgerhaus, Am Sportplatz&hellip;<\/p>\n","protected":false},"author":6,"featured_media":1651,"template":"","meta":{"_tribe_events_status":"","_tribe_events_status_reason":"","footnotes":""},"tags":[],"tribe_events_cat":[],"class_list":["post-1982","tribe_events","type-tribe_events","status-publish","has-post-thumbnail","hentry","comments-closed","no-comments"],"_links":{"self":[{"href":"https:\/\/wrist.de\/index.php?rest_route=\/wp\/v2\/tribe_events\/1982","targetHints":{"allow":["GET"]}}],"collection":[{"href":"https:\/\/wrist.de\/index.php?rest_route=\/wp\/v2\/tribe_events"}],"about":[{"href":"https:\/\/wrist.de\/index.php?rest_route=\/wp\/v2\/types\/tribe_events"}],"author":[{"embeddable":true,"href":"https:\/\/wrist.de\/index.php?rest_route=\/wp\/v2\/users\/6"}],"version-history":[{"count":1,"href":"https:\/\/wrist.de\/index.php?rest_route=\/wp\/v2\/tribe_events\/1982\/revisions"}],"predecessor-version":[{"id":1983,"href":"https:\/\/wrist.de\/index.php?rest_route=\/wp\/v2\/tribe_events\/1982\/revisions\/1983"}],"wp:featuredmedia":[{"embeddable":true,"href":"https:\/\/wrist.de\/index.php?rest_route=\/wp\/v2\/media\/1651"}],"wp:attachment":[{"href":"https:\/\/wrist.de\/index.php?rest_route=%2Fwp%2Fv2%2Fmedia&parent=1982"}],"wp:term":[{"taxonomy":"post_tag","embeddable":true,"href":"https:\/\/wrist.de\/index.php?rest_route=%2Fwp%2Fv2%2Ftags&post=1982"},{"taxonomy":"tribe_events_cat","embeddable":true,"href":"https:\/\/wrist.de\/index.php?rest_route=%2Fwp%2Fv2%2Ftribe_events_cat&post=1982"}],"curies":[{"name":"wp","href":"https:\/\/api.w.org\/{rel}","templated":true}]}}

Einladung zur öffentlichen Sitzung der Gemeindevertretung Wrist

Die Gemeindevertretung Wrist lädt alle interessierten Bürgerinnen und Bürger herzlich zur nächsten <strong>öffentlichen Sitzung</strong> ein.

 

<strong>Termin:</strong> Mittwoch, 01. Oktober 2025, 19:30 Uhr
<strong>Ort:</strong> Gemeinderäume im Ärzte- und Bürgerhaus, Am Sportplatz 3b, 25563 Wrist
<strong>Leitung:</strong> Bürgermeister Manfred Bube
<strong>Protokoll:</strong> Michaela Kinzel

 
<h3 class="wp-block-heading">Tagesordnung</h3>
 
<ol class="wp-block-list">
 	<li>Eröffnung der Sitzung, Feststellung der Ordnungsmäßigkeit der Einladung, der
Anwesenheit und der Beschlussfähigkeit</li>
 
 	<li>Anträge zur Tagesordnung</li>
 
 	<li>Beschlussfassung über evtl. Einwendungen gegen die Niederschrift der letzten
Sitzung</li>
 
 	<li>Verpflichtung und Amtseinführung von der nachgerückten Gemeindevertreterin,
Frau Martina Nagel, durch den Vorsitzenden.</li>
 
 	<li>Bekanntgabe der in nicht-öffentlicher Beratung am 03.06.2025 gefassten
Beschlüsse</li>
 
 	<li>Mitteilungen des Bürgermeisters</li>
 
 	<li>Nachwahl von Mitgliedern und stellvertretenden Mitglieder für die in der
Hauptsatzung bestimmten ständigen Ausschüsse (§§ 45, 46 GO)
Vorlage: Wrist/025/2025</li>
 
 	<li>Nachwahl eines stellvertretenden Mitgliedes für den Kita-Beirat der Kita &#8222;Die
kleinen Strolche e. V.&#8220; in Wrist
Vorlage: Wrist/032/2025</li>
 
 	<li>Nachwahl eines stellvertretenden Mitgliedes für den Kita-Ausschuss der Kita
&#8222;Die kleinen Strolche e. V.&#8220; in Wrist
Vorlage: Wrist/029/2025</li>
 
 	<li>Nachwahl eines stellvertretenden Mitgliedes für den Kita-Beirat der Kita
&#8222;Wiesenkinder&#8220; in Wrist
Vorlage: Wrist/031/2025</li>
 
 	<li>Nachwahl eines stellvertretenden Mitgliedes für den Kita-Ausschuss der Kita
&#8222;Wiesenkinder&#8220; in Wrist
Vorlage: Wrist/030/2025</li>
 
 	<li>Förderung Mehrgenerationenplatz; hier: Beschluss über die Bereitstellung der
Mittel
Vorlage: Wrist/033/2025</li>
 
 	<li>Entschädigung und Aufwandsentschädigung für amtliche Tätigkeiten im
Rahmen der Gemeindevertretung Wrist</li>
 
 	<li>Jahresabschluss für das Haushaltsjahr 2023
Vorlage: Wrist/026/2025</li>
 
 	<li>Haushalt für das Haushaltsjahr 2025
Vorlage: Wrist/004/2025</li>
 
 	<li>Verschiedenes</li>
 
 	<li>Einwohnerfragestunde</li>
</ol>
 

Es kann beschlossen werden, dass einzelne Punkte der Tagesordnung in
nichtöffentlicher Sitzung behandelt werden. In dieser Sitzung werden voraussichtlich
folgende Tagesordnungspunkte nichtöffentlich beraten:

 
<ol class="wp-block-list" start="18">
 	<li>Vorplanung zum möglichen Bebauungsplan mittelbar südlich der Straße &#8222;Eken&#8220;,
nördlich des Logenwegs und östlich der Bebauung &#8222;Bokeler Straße 7-13 d&#8220;;
hier: Beratung und Beschlussfassung zu Grundstücksangelegenheiten und
Kosten
Vorlage: Wrist/034/2025</li>
 
 	<li>Mieterhöhungen für gemeindeeigene Liegenschaften
Vorlage: Wrist/028/2025</li>
 
 	<li>Pachtangelegenheiten; hier: TV Gut Heil Wrist e.V.
Vorlage: Wrist/027/2025</li>
</ol>

<p>Die Gemeindevertretung Wrist lädt alle interessierten Bürgerinnen und Bürger herzlich zur nächsten öffentlichen Sitzung ein. Termin: Mittwoch, 01. Oktober 2025, 19:30 Uhr Ort: Gemeinderäume im Ärzte- und Bürgerhaus, Am Sportplatz&hellip;</p>
