{"id":2142,"date":"2026-04-24T20:28:33","date_gmt":"2026-04-24T18:28:33","guid":{"rendered":"https:\/\/wrist.de\/?post_type=tribe_events&#038;p=2142"},"modified":"2026-04-24T20:35:15","modified_gmt":"2026-04-24T18:35:15","slug":"repair-kloen-cafe","status":"publish","type":"tribe_events","link":"https:\/\/wrist.de\/?tribe_events=repair-kloen-cafe","title":{"rendered":"Repair &#038; Kl\u00f6n Cafe"},"content":{"rendered":"<p>Das &#8222;Repair &amp; Kl\u00f6n Cafe&#8220; ist ein ehrenamtliches Engagement f\u00fcr alle<br \/>\nMenschen in Wrist und Umgebung und m\u00f6chte zum einen das Reparieren von<br \/>\nGegenst\u00e4nden zusammen mit anderen Menschen erm\u00f6glichen, aber auch den<br \/>\noffenen Austausch zu eigenen und geplanten Projekten.<\/p>\n<p>Da der Fr\u00fchling gerade so richtig an Fahrt gewinnt, soll am Mittwoch,<br \/>\ndem 06.05.2026, das Thema &#8222;Stauden &amp; Samen, ab in den Garten&#8220; sein. Eine<br \/>\nflei\u00dfige Mitstreiterin k\u00fcmmert sich um die\/das Pflanzen und dazu passend<br \/>\nwird es auch um Hochbeete oder andere n\u00fctzliche Dinge gehen!<\/p>\n<p>Das &#8222;Repair &amp; Kl\u00f6n Cafe&#8220; findet an jedem 1. Mittwoch des Monats im<br \/>\nB\u00fcrgerhaus Wrist statt, eingeladen sind alle Menschen, die etwas etwas<br \/>\nreparieren k\u00f6nnen oder wollen, aber auch alle, die sich \u00fcber ein eigenes<br \/>\nProjekt offen austauschen m\u00f6chten.<\/p>\n<p>&nbsp;<\/p>\n","protected":false},"excerpt":{"rendered":"<p>Das &#8222;Repair &amp; Kl\u00f6n Cafe&#8220; ist ein ehrenamtliches Engagement f\u00fcr alle Menschen in Wrist und Umgebung und m\u00f6chte zum einen das Reparieren von Gegenst\u00e4nden zusammen mit anderen Menschen erm\u00f6glichen, aber&hellip;<\/p>\n","protected":false},"author":7,"featured_media":2143,"template":"","meta":{"_tribe_events_status":"","_tribe_events_status_reason":"","footnotes":""},"tags":[],"tribe_events_cat":[],"class_list":["post-2142","tribe_events","type-tribe_events","status-publish","has-post-thumbnail","hentry","comments-closed","no-comments"],"_links":{"self":[{"href":"https:\/\/wrist.de\/index.php?rest_route=\/wp\/v2\/tribe_events\/2142","targetHints":{"allow":["GET"]}}],"collection":[{"href":"https:\/\/wrist.de\/index.php?rest_route=\/wp\/v2\/tribe_events"}],"about":[{"href":"https:\/\/wrist.de\/index.php?rest_route=\/wp\/v2\/types\/tribe_events"}],"author":[{"embeddable":true,"href":"https:\/\/wrist.de\/index.php?rest_route=\/wp\/v2\/users\/7"}],"version-history":[{"count":2,"href":"https:\/\/wrist.de\/index.php?rest_route=\/wp\/v2\/tribe_events\/2142\/revisions"}],"predecessor-version":[{"id":2148,"href":"https:\/\/wrist.de\/index.php?rest_route=\/wp\/v2\/tribe_events\/2142\/revisions\/2148"}],"wp:featuredmedia":[{"embeddable":true,"href":"https:\/\/wrist.de\/index.php?rest_route=\/wp\/v2\/media\/2143"}],"wp:attachment":[{"href":"https:\/\/wrist.de\/index.php?rest_route=%2Fwp%2Fv2%2Fmedia&parent=2142"}],"wp:term":[{"taxonomy":"post_tag","embeddable":true,"href":"https:\/\/wrist.de\/index.php?rest_route=%2Fwp%2Fv2%2Ftags&post=2142"},{"taxonomy":"tribe_events_cat","embeddable":true,"href":"https:\/\/wrist.de\/index.php?rest_route=%2Fwp%2Fv2%2Ftribe_events_cat&post=2142"}],"curies":[{"name":"wp","href":"https:\/\/api.w.org\/{rel}","templated":true}]}}

Repair &#038; Klön Cafe

<p>Das &#8222;Repair &amp; Klön Cafe&#8220; ist ein ehrenamtliches Engagement für alle<br />
Menschen in Wrist und Umgebung und möchte zum einen das Reparieren von<br />
Gegenständen zusammen mit anderen Menschen ermöglichen, aber auch den<br />
offenen Austausch zu eigenen und geplanten Projekten.</p>
<p>Da der Frühling gerade so richtig an Fahrt gewinnt, soll am Mittwoch,<br />
dem 06.05.2026, das Thema &#8222;Stauden &amp; Samen, ab in den Garten&#8220; sein. Eine<br />
fleißige Mitstreiterin kümmert sich um die/das Pflanzen und dazu passend<br />
wird es auch um Hochbeete oder andere nützliche Dinge gehen!</p>
<p>Das &#8222;Repair &amp; Klön Cafe&#8220; findet an jedem 1. Mittwoch des Monats im<br />
Bürgerhaus Wrist statt, eingeladen sind alle Menschen, die etwas etwas<br />
reparieren können oder wollen, aber auch alle, die sich über ein eigenes<br />
Projekt offen austauschen möchten.</p>
<p>&nbsp;</p>

<p>Das &#8222;Repair &amp; Klön Cafe&#8220; ist ein ehrenamtliches Engagement für alle Menschen in Wrist und Umgebung und möchte zum einen das Reparieren von Gegenständen zusammen mit anderen Menschen ermöglichen, aber&hellip;</p>
