{"id":2145,"date":"2026-04-24T20:33:52","date_gmt":"2026-04-24T18:33:52","guid":{"rendered":"https:\/\/wrist.de\/?post_type=tribe_events&#038;p=2145"},"modified":"2026-04-24T20:34:44","modified_gmt":"2026-04-24T18:34:44","slug":"repair-kloen-cafe-2","status":"publish","type":"tribe_events","link":"https:\/\/wrist.de\/?tribe_events=repair-kloen-cafe-2","title":{"rendered":"Repair &#038; Kl\u00f6n Cafe"},"content":{"rendered":"<p>Das &#8222;Repair &amp; Kl\u00f6n Cafe&#8220; ist ein ehrenamtliches Engagement f\u00fcr alle<span class=\"Apple-converted-space\">\u00a0<\/span><\/p>\n<p>Menschen in Wrist und Umgebung und m\u00f6chte zum einen das Reparieren von<span class=\"Apple-converted-space\">\u00a0<\/span><\/p>\n<p>Gegenst\u00e4nden zusammen mit anderen Menschen erm\u00f6glichen, aber auch den<span class=\"Apple-converted-space\">\u00a0<\/span><\/p>\n<p>offenen Austausch zu eigenen und geplanten Projekten.<\/p>\n<p>Das &#8222;Repair &amp; Kl\u00f6n Cafe&#8220; findet an jedem 1. Mittwoch des Monats im<span class=\"Apple-converted-space\">\u00a0<\/span><\/p>\n<p>B\u00fcrgerhaus Wrist statt, eingeladen sind alle Menschen, die etwas etwas<span class=\"Apple-converted-space\">\u00a0<\/span><\/p>\n<p>reparieren k\u00f6nnen oder wollen, aber auch alle, die sich \u00fcber ein eigenes<span class=\"Apple-converted-space\">\u00a0<\/span><\/p>\n<p>Projekt offen austauschen m\u00f6chten.<\/p>\n<p>&nbsp;<\/p>\n","protected":false},"excerpt":{"rendered":"<p>Das &#8222;Repair &amp; Kl\u00f6n Cafe&#8220; ist ein ehrenamtliches Engagement f\u00fcr alle\u00a0 Menschen in Wrist und Umgebung und m\u00f6chte zum einen das Reparieren von\u00a0 Gegenst\u00e4nden zusammen mit anderen Menschen erm\u00f6glichen, aber&hellip;<\/p>\n","protected":false},"author":7,"featured_media":2143,"template":"","meta":{"_tribe_events_status":"","_tribe_events_status_reason":"","footnotes":""},"tags":[],"tribe_events_cat":[],"class_list":["post-2145","tribe_events","type-tribe_events","status-publish","has-post-thumbnail","hentry","comments-closed","no-comments"],"_links":{"self":[{"href":"https:\/\/wrist.de\/index.php?rest_route=\/wp\/v2\/tribe_events\/2145","targetHints":{"allow":["GET"]}}],"collection":[{"href":"https:\/\/wrist.de\/index.php?rest_route=\/wp\/v2\/tribe_events"}],"about":[{"href":"https:\/\/wrist.de\/index.php?rest_route=\/wp\/v2\/types\/tribe_events"}],"author":[{"embeddable":true,"href":"https:\/\/wrist.de\/index.php?rest_route=\/wp\/v2\/users\/7"}],"version-history":[{"count":2,"href":"https:\/\/wrist.de\/index.php?rest_route=\/wp\/v2\/tribe_events\/2145\/revisions"}],"predecessor-version":[{"id":2147,"href":"https:\/\/wrist.de\/index.php?rest_route=\/wp\/v2\/tribe_events\/2145\/revisions\/2147"}],"wp:featuredmedia":[{"embeddable":true,"href":"https:\/\/wrist.de\/index.php?rest_route=\/wp\/v2\/media\/2143"}],"wp:attachment":[{"href":"https:\/\/wrist.de\/index.php?rest_route=%2Fwp%2Fv2%2Fmedia&parent=2145"}],"wp:term":[{"taxonomy":"post_tag","embeddable":true,"href":"https:\/\/wrist.de\/index.php?rest_route=%2Fwp%2Fv2%2Ftags&post=2145"},{"taxonomy":"tribe_events_cat","embeddable":true,"href":"https:\/\/wrist.de\/index.php?rest_route=%2Fwp%2Fv2%2Ftribe_events_cat&post=2145"}],"curies":[{"name":"wp","href":"https:\/\/api.w.org\/{rel}","templated":true}]}}

Repair &#038; Klön Cafe

<p>Das &#8222;Repair &amp; Klön Cafe&#8220; ist ein ehrenamtliches Engagement für alle<span class="Apple-converted-space"> </span></p>
<p>Menschen in Wrist und Umgebung und möchte zum einen das Reparieren von<span class="Apple-converted-space"> </span></p>
<p>Gegenständen zusammen mit anderen Menschen ermöglichen, aber auch den<span class="Apple-converted-space"> </span></p>
<p>offenen Austausch zu eigenen und geplanten Projekten.</p>
<p>Das &#8222;Repair &amp; Klön Cafe&#8220; findet an jedem 1. Mittwoch des Monats im<span class="Apple-converted-space"> </span></p>
<p>Bürgerhaus Wrist statt, eingeladen sind alle Menschen, die etwas etwas<span class="Apple-converted-space"> </span></p>
<p>reparieren können oder wollen, aber auch alle, die sich über ein eigenes<span class="Apple-converted-space"> </span></p>
<p>Projekt offen austauschen möchten.</p>
<p>&nbsp;</p>

<p>Das &#8222;Repair &amp; Klön Cafe&#8220; ist ein ehrenamtliches Engagement für alle  Menschen in Wrist und Umgebung und möchte zum einen das Reparieren von  Gegenständen zusammen mit anderen Menschen ermöglichen, aber&hellip;</p>
